he remainder when 25851416 is divided by 27?
23
Calculate the remainder when 523393 is divided by 29077.
7
What is the remainder when 1007423 is divided by 4200?
3623
Calculate the remainder when 23783993 is divided by 4469.
4444
What is the remainder when 834649 is divided by 332?
1
Calculate the remainder when 18466 is divided by 18402.
64
What is the remainder when 50926 is divided by 981?
895
What is the remainder when 65874 is divided by 12982?
964
What is the remainder when 823164 is divided by 411575?
14
What is the remainder when 1821218 is divided by 5?
3
What is the remainder when 11134377 is divided by 309288?
9
What is the remainder when 8273 is divided by 794?
333
What is the remainder when 1387404 is divided by 19540?
64
What is the remainder when 343039 is divided by 493?
404
What is the remainder when 211323 is divided by 63?
21
What is the remainder when 146209 is divided by 59?
7
What is the remainder when 142911011 is divided by 1739?
1730
Calculate the remainder when 13272760 is divided by 3091.
6
Calculate the remainder when 4907020 is divided by 186.
154
Calculate the remainder when 681688 is divided by 1710.
1108
Calculate the remainder when 379992 is divided by 11.
8
Calculate the remainder when 140704 is divided by 5145.
1789
Calculate the remainder when 78002643 is divided by 526.
525
What is the remainder when 1319979 is divided by 368?
331
Calculate the remainder when 890176506 is divided by 11.
10
What is the remainder when 22636796 is divided by 2400?
2396
What is the remainder when 9399065 is divided by 199979?
52
What is the remainder when 29145335 is divided by 5124?
23
Calculate the remainder when 9696137 is divided by 24.
17
What is the remainder when 61437245 is divided by 32?
29
What is the remainder when 753168 is divided by 68459?
119
Calculate the remainder when 99692 is divided by 2851.
2758
Calculate the remainder when 1870980 is divided by 27925.
5
Calculate the remainder when 58760 is divided by 288.
8
Calculate the remainder when 310130 is divided by 34404.
494
Calculate the remainder when 231455137 is divided by 12.
1
What is the remainder when 316865 is divided by 553?
549
What is the remainder when 47253949 is divided by 15?
4
Calculate the remainder when 35500194 is divided by 200.
194
What is the remainder when 133181052 is divided by 191?
190
What is the remainder when 5358147 is divided by 15?
12
What is the remainder when 83909 is divided by 2000?
1909
What is the remainder when 2943830 is divided by 20731?
28
Calculate the remainder when 2967583 is divided by 12162.
55
What is the remainder when 533945230 is divided by 17?
16
Calculate the remainder when 1828497 is divided by 2177.
1994
What is the remainder when 7808162 is divided by 494?
492
What is the remainder when 410040 is divided by 46?
42
Calculate the remainder when 146134689 is divided by 594.
591
Calculate the remainder when 16895624 is divided by 362.
360
What is the remainder when 29477 is divided by 4677?
1415
What is the remainder when 108002 is divided by 1714?
20
Calculate the remainder when 778095 is divided by 391.
5
Calculate the remainder when 66260140 is divided by 907673.
11
What is the remainder when 6102958 is divided by 1017159?
4
What is the remainder when 605178 is divided by 707?
693
What is the remainder when 1567495 is divided by 813?
31
Calculate the remainder when 1474695 is divided by 37794.
729
What is the remainder when 28791574 is divided by 4422?
4354
Calculate the remainder when 264227 is divided by 20324.
15
Calculate the remainder when 6506226 is divided by 779.
18
Calculate the remainder when 4895 is divided by 957.
110
What is the remainder when 768201 is divided by 1064?
1057
What is the remainder when 543565 is divided by 1270?
5
What is the remainder when 62676 is divided by 524?
320
Calculate the remainder when 302776 is divided by 221.
6
Calculate the remainder when 417794 is divided by 69626.
38
What is the remainder when 6667111 is divided by 45665?
21
Calculate the remainder when 792075 is divided by 13195.
375
What is the remainder when 9154157 is divided by 5455?
667
Calculate the remainder when 3801385 is divided by 1895.
15
Calculate the remainder when 131163 is divided by 65551.
61
Calculate the remainder when 5970 is divided by 416.
146
What is the remainder when 129047 is divided by 1042?
881
What is the remainder when 27282312 is divided by 108263?
36
Calculate the remainder when 141109 is divided by 106.
23
Calculate the remainder when 5670 is divided by 1239.
714
What is the remainder when 444386 is divided by 444373?
13
Calculate the remainder when 1496208 is divided by 1447.
10
Calculate the remainder when 8769331 is divided by 919.
233
Calculate the remainder when 513874 is divided by 458.
456
Calculate the remainder when 1881689 is divided by 39.
17
Calculate the remainder when 11571636 is divided by 964302.
12
What is the remainder when 486140 is divided by 243048?
44
Calculate the remainder when 291890 is divided by 4628.
326
Calculate the remainder when 14758 is divided by 9132.
5626
Calculate the remainder when 25624812 is divided by 5124886.
382
Calculate the remainder when 3931744 is divided by 393173.
14
Calculate the remainder when 101828914 is divided by 1398.
1390
What is the remainder when 3678 is divided by 3505?
173
What is the remainder when 930626 is divided by 2013?
620
Calculate the remainder when 15707466 is divided by 1687.
1496
What is the remainder when 408323 is divided by 203905?
513
What is the remainder when 32071069 is divided by 32071039?
30
What is the remainder when 1277065438 is divided by 224?
222
Calculate the remainder when 1893386 is divided by 2608.
2586
Calculate the remainder when 106587570 is divided by 52.
50
What is the remainder when 410151 is divided by 1637?
901
What is the remainder when 133479097 is divided by 1435259?
10
Calculate the remainder when 3102361 is divided by 25.
11
What is the remainder when 33065418 is divided by 11021804?
6
What is the remainder when 72195 is divided by 226?
101
Calculate the remainder when 2314883 is divided by 89033.
25
What is the remainder when 225360821 is divided by 7?
0
What is the remainder when 1281906 is divided by 277?
227
What is the remainder when 68210711 is divided by 24?
23
Calculate the remainder when 30126321 is divided by 15063155.
11
What is the remainder when 84233 is divided by 5275?
5108
What is the remainder when 52433494 is divided by 24030?
34
What is the remainder when 105547 is divided by 35136?
139
Calculate the remainder when 45424255 is divided by 1098.
1093
Calculate the remainder when 4409871 is divided by 14.
11
What is the remainder when 212749 is divided by 641?
578
Calculate the remainder when 4634725 is divided by 7675.
6700
What is the remainder when 432939 is divided by 72109?
285
Calculate the remainder when 2697674 is divided by 899214.
32
Calculate the remainder when 18002 is divided by 4863.
3413
Calculate the remainder when 15555369 is divided by 2.
1
What is the remainder when 118074 is divided by 16815?
369
What is the remainder when 22388541 is divided by 376?
373
What is the remainder when 66639 is divided by 2806?
2101
Calculate the remainder when 1319118 is divided by 1039.
627
What is the remainder when 1294348 is divided by 3730?
38
Calculate the remainder when 34355187 is divided by 11451729.
0
Calculate the remainder when 114108 is divided by 2389.
1825
Calculate the remainder when 2588276 is divided by 608.
20
What is the remainder when 15148768 is divided by 217?
215
Calculate the remainder when 5434429 is divided by 8099.
0
What is the remainder when 153474 is divided by 637?
594
What is the remainder when 162241 is divided by 1156?
401
Calculate the remainder when 12625 is divided by 3007.
597
Calculate the remainder when 1435306 is divided by 170.
166
What is the remainder when 105453 is divided by 8363?
5097
Calculate the remainder when 122434 is divided by 951.
706
What is the remainder when 357718 is divided by 1789?
1707
What is the remainder when 28035 is divided by 3106?
81
Calculate the remainder when 9680508 is divided by 87.
18
What is the remainder when 638755072 is divided by 212918354?
10
What is the remainder when 4403207 